2993 prime?
False
Is 1623 a prime number?
False
Is 9149 a prime number?
False
Is 67261 a composite number?
False
Is 365171 composite?
True
Is 48907 a prime number?
True
Is 364829 a prime number?
True
Is 23477 prime?
False
Is 1861 a composite number?
False
Is 543227 composite?
False
Is 510817 prime?
True
Is 54685 a composite number?
True
Is 11093 a composite number?
False
Is 1541857 a composite number?
True
Is 490291 a prime number?
False
Is 1706807 a prime number?
False
Is 33697 a prime number?
False
Is 21337 prime?
False
Is 472007 a prime number?
False
Is 102343 prime?
False
Is 72951 prime?
False
Is 100769 a prime number?
True
Is 68863 prime?
True
Is 698641 composite?
False
Is 4449983 prime?
True
Is 1121327 a prime number?
False
Is 42593 a composite number?
True
Is 1481 composite?
False
Is 104987 prime?
True
Is 432923 prime?
True
Is 6119 a composite number?
True
Is 73469 a composite number?
True
Is 413 prime?
False
Is 11213 prime?
True
Is 143239 prime?
True
Is 12953 prime?
True
Is 119057 prime?
True
Is 26171 composite?
False
Is 1256107 prime?
True
Is 202309 composite?
False
Is 58321 a composite number?
False
Is 79063 a composite number?
False
Is 26485 a prime number?
False
Is 8171 prime?
True
Is 270317 prime?
False
Is 613463 prime?
True
Is 2629 a composite number?
True
Is 40693 composite?
False
Is 250543 a prime number?
True
Is 2314495 composite?
True
Is 1347 prime?
False
Is 380041 composite?
False
Is 7829 composite?
False
Is 77207 prime?
False
Is 119869 a prime number?
True
Is 100379 prime?
True
Is 79802 composite?
True
Is 40637 a prime number?
True
Is 30631 prime?
True
Is 72791 a composite number?
True
Is 198717 composite?
True
Is 53527 prime?
True
Is 24569 prime?
False
Is 8501 prime?
True
Is 183805 composite?
True
Is 168011 a composite number?
True
Is 3109 a composite number?
False
Is 5833 a prime number?
False
Is 2407 a prime number?
False
Is 669 a prime number?
False
Is 10441 a prime number?
False
Is 30727 a prime number?
True
Is 8179 a composite number?
False
Is 1112539 composite?
True
Is 17337 a composite number?
True
Is 135049 prime?
True
Is 517547 composite?
False
Is 28739 prime?
False
Is 481 a prime number?
False
Is 63701 prime?
False
Is 590945 a composite number?
True
Is 1438 composite?
True
Is 2518 a composite number?
True
Is 260921 prime?
True
Is 24379 prime?
True
Is 614 composite?
True
Is 20177 composite?
False
Is 750203 a composite number?
False
Is 10193 prime?
True
Is 2699 prime?
True
Is 14107 a prime number?
True
Is 936971 a prime number?
False
Is 8527 a prime number?
True
Is 847129 a composite number?
False
Is 8941 a composite number?
False
Is 53213 composite?
True
Is 8461 a prime number?
True
Is 117659 composite?
False
Is 80371 a prime number?
False
Is 22549 prime?
True
Is 177673 a prime number?
False
Is 14971 prime?
False
Is 10073 prime?
False
Is 23285 composite?
True
Is 3491 composite?
False
Is 15349 composite?
False
Is 231367 a composite number?
False
Is 933 composite?
True
Is 3317 a composite number?
True
Is 9287 a composite number?
True
Is 5701 composite?
False
Is 63049 a composite number?
True
Is 121039 prime?
True
Is 6442 a composite number?
True
Is 6421 prime?
True
Is 10658965 composite?
True
Is 555153 a composite number?
True
Is 94559 composite?
False
Is 57089 composite?
False
Is 6521 a composite number?
False
Is 2429 a prime number?
False
Is 143615 a composite number?
True
Is 958841 a prime number?
False
Is 76085 composite?
True
Is 34415 a composite number?
True
Is 50261 composite?
False
Is 25435 composite?
True
Is 13291 prime?
True
Is 164743 a prime number?
True
Is 235159 a prime number?
True
Is 264913 composite?
True
Is 346303 a prime number?
True
Is 677983 composite?
False
Is 1597 a composite number?
False
Is 12373 a prime number?
True
Is 4766 prime?
False
Is 26171 a composite number?
False
Is 14689 a composite number?
True
Is 32881 a prime number?
False
Is 1187 a composite number?
False
Is 502699 prime?
True
Is 2843 prime?
True
Is 16603 a prime number?
True
Is 478865 a prime number?
False
Is 185761 prime?
False
Is 26777 a prime number?
True
Is 222773 prime?
True
Is 4967 a composite number?
False
Is 145955 a prime number?
False
Is 404371 prime?
False
Is 119227 composite?
False
Is 12799 prime?
True
Is 6117 prime?
False
Is 449957 prime?
False
Is 18113 a composite number?
True
Is 24782 a prime number?
False
Is 250219 prime?
False
Is 1723 a composite number?
False
Is 967397 prime?
True
Is 7405 a prime number?
False
Is 3293 a prime number?
False
Is 9023 prime?
False
Is 3943 composite?
False
Is 27509 composite?
False
Is 2818031 prime?
False
Is 83047 composite?
False
Is 3049 a prime number?
True
Is 344271 a prime number?
False
Is 4661 composite?
True
Is 49213 a composite number?
True
Is 429773 a composite number?
False
Is 1343465 composite?
True
Is 17567 a composite number?
True
Is 635 a composite number?
True
Is 663695 a prime number?
False
Is 273367 prime?
True
Is 49633 prime?
True
Is 1501 composite?
True
Is 313091 composite?
True
Is 59807 a composite number?
True
Is 368819 composite?
True
Is 14281 a prime number?
True
Is 34753 prime?
False
Is 2161 a prime number?
True
Is 60733 prime?
True
Is 54478 a prime number?
False
Is 149353 a prime number?
False
Is 4567 a composite number?
False
Is 4547 composite?
False
Is 7737 prime?
False
Is 904187 composite?
True
Is 4822 a composite number?
True
Is 13173 composite?
True
Is 331541 a composite number?
True
Is 6299 composite?
False
Is 109507 composite?
False
Is 448703 composite?
False
Is 12197 a composite number?
False
Is 129845 a prime number?
False
Is 600931 composite?
False
Is 9901 a composite number?
False
Is 2051 a composite number?
True
Is 2329 a prime number?
False
Is 2092009 prime?
False
Is 3719 prime?
True
Is 5857 prime?
True
Is 23719 prime?
True
Is 477187 prime?
False
Is 3949 composite?
True
Is 63577 prime?
True
Is 15591 prime?
False
Is 15161 composite?
False
Is 10294 prime?
False
Is 34577 a composite number?
True
Is 105671 composite?
True
Is 37039 composite?
False
Is 145129 a composite number?
True
Is 1193119 composite?
False
Is 44351 a prime number?
True
Is 192937 a prime number?
False
Is 35753 a prime number?
True
Is 658505 a prime number?
False
Is 102173 a prime number?
False
Is 10477 composite?
False
Is 23401 composite?
True
Is 1443631 composite?
True
Is 188905 a prime number?
False
Is 136443 a composite number?
True
Is 22201 a composite number?
True
Is 3337 a composite number?
True
Is 209 a composite number?
True
Is 1969 a composite number?
True
Is 34811 a prime number?
False
Is 39329 a prime number?
False
Is 425545 a prime number?
False
Is 18203 composite?
True
Is 217 a prime number?
False
Is 9271 a prime number?
False
Is 278679 a composite number?
True
Is 2085367 a composite number?
False
Is 35843 composite?
True
Is 1531 prime?
True
Is 30911 prime?
True
Is 26889 a composite number?
True
Is 1541881 prime?
False
Is 11429 prime?
False
Is 42977 a composite number?
True
Is 17159 prime?
True
Is 2927 composite?
False
Is 4489351 a prime number?
True
Is 3149 prime?
False
Is 331 prime?
True
Is 52123 a composite number?
True
Is 523297 a composite number?
False
Is 15557 a prime number?
False
Is 1101 prime?
False
Is 6599 prime?
True
Is 47339 prime?
True
Is 143267 a composite number?
True
Is 11863 a composite number?
False
Is 27941 a prime number?
True
Is 966139 composite?
False
Is 979159 a composite number?
False
Is 2809 a prime number?
False
Is 3002327 composite?
False
Is 65738 composite?
True
Is 8819 a composite number?
False
Is 19407 a prime number?
False
Is 198179 a composite number?
False
Is 277973 composite?
True
Is 398551 a prime number?
False
Is 981077 a composite number?
False
Is 376321 a composite number?
True
Is 120305 a composite number?
True
Is 36745 a composite number?
True
Is 2018897 composite?
False
Is 154981 a prime number?
True
Is 51593 prime?
True
Is 259589 a prime number?
False
Is 26843 a prime number?
False
Is 9127 a prime number?
True
Is 134023 composite?
True
Is 297793 a composite number?
False
Is 413951 a prime number?
True
Is 379 a composite number?
False
Is 53513 composite?
True
Is 71633 a composite number?
False
Is 29933 a composite number?
True
Is 16438 prime?
False
Is 732097 composite?
False
Is 806089 a composite number?
True
Is 372209 co